
Calculate the greatest common factor of 144 and 1680111.
9
Calculate the highest common factor of 732 and 4256336.
244
What is the highest common divisor of 29436 and 10425696?
2676
Calculate the greatest common factor of 1606391 and 63558.
107
Calculate the greatest common divisor of 315490 and 16450.
70
Calculate the greatest common divisor of 3030 and 2428511670.
3030
Calculate the highest common factor of 38258 and 60236.
814
What is the greatest common divisor of 425440 and 18400?
160
What is the greatest common factor of 43833978 and 72?
18
What is the greatest common divisor of 21077703 and 18?
9
Calculate the highest common factor of 1303984 and 450864.
496
What is the greatest common factor of 148240 and 12208?
1744
What is the greatest common factor of 26110 and 5810?
70
What is the greatest common divisor of 440980988 and 3339?
371
Calculate the highest common factor of 711431 and 23912.
49
What is the greatest common factor of 3441 and 267325?
37
Calculate the greatest common factor of 1475275 and 4375.
25
Calculate the highest common divisor of 1300508 and 15488.
484
What is the highest common divisor of 18387 and 5751?
81
Calculate the greatest common factor of 1700807 and 9.
1
What is the greatest common factor of 46910854 and 221?
17
Calculate the highest common divisor of 2196 and 73686231.
549
What is the highest common factor of 94752 and 724458?
1974
What is the greatest common factor of 23704 and 97184?
8
What is the highest common divisor of 3245 and 381317?
59
What is the highest common divisor of 1092960 and 316250?
2530
What is the highest common divisor of 12021 and 17139?
3
Calculate the greatest common divisor of 53179423 and 33.
11
What is the greatest common divisor of 104412261 and 222?
111
What is the highest common factor of 83 and 56235239?
83
Calculate the highest common factor of 4390614 and 3530.
706
What is the greatest common factor of 67907 and 3638320?
623
What is the highest common factor of 124529703 and 908?
227
Calculate the highest common divisor of 147231289 and 29.
29
Calculate the greatest common factor of 21408 and 1056.
96
Calculate the highest common divisor of 77249127 and 609.
87
Calculate the greatest common factor of 318909984 and 5472.
1824
Calculate the highest common factor of 256 and 5868520.
8
What is the greatest common divisor of 3824 and 100926832?
3824
Calculate the highest common divisor of 211122 and 134865.
333
What is the highest common divisor of 1332 and 11034732?
444
Calculate the greatest common divisor of 20928 and 294.
6
What is the greatest common factor of 9790808 and 25416?
2824
What is the greatest common divisor of 87950213 and 13?
13
Calculate the greatest common divisor of 4761 and 2433875571.
4761
Calculate the highest common divisor of 2336 and 50869904.
1168
What is the greatest common factor of 41933 and 3387745?
2207
What is the greatest common factor of 22 and 87456402?
22
Calculate the greatest common divisor of 600 and 73113.
3
What is the greatest common factor of 17032 and 27848?
8
Calculate the highest common factor of 75862 and 278963.
83
Calculate the greatest common factor of 266944853 and 7.
7
What is the greatest common divisor of 19480757 and 19?
19
What is the greatest common factor of 703 and 6017051?
37
Calculate the highest common factor of 337 and 7336153.
337
What is the highest common factor of 44173 and 163?
163
What is the highest common divisor of 1425 and 576175?
475
Calculate the highest common factor of 57585 and 495165.
165
What is the greatest common factor of 1008723 and 54243?
123
Calculate the greatest common factor of 150 and 11279625.
75
Calculate the greatest common divisor of 17408 and 70679744.
1088
What is the highest common divisor of 673049 and 68939?
13
What is the highest common factor of 2436 and 24873996?
2436
What is the greatest common factor of 78 and 7997002?
26
What is the greatest common factor of 322 and 2251930?
46
What is the highest common factor of 23 and 31843?
1
Calculate the highest common factor of 2366 and 145873.
91
Calculate the highest common factor of 2547601 and 27181.
2471
Calculate the highest common factor of 3240 and 3866840.
40
What is the highest common factor of 3758535 and 23760?
1485
Calculate the greatest common factor of 14560240 and 3700.
740
What is the highest common divisor of 2041700 and 15725?
425
What is the greatest common divisor of 1808982 and 5985?
63
What is the greatest common divisor of 16599462 and 90816?
2838
Calculate the highest common factor of 7077592 and 40.
8
Calculate the greatest common factor of 12 and 79822866.
6
Calculate the highest common factor of 1673968 and 216.
8
What is the highest common divisor of 169 and 3246386?
13
What is the greatest common divisor of 1027897 and 34632?
481
What is the highest common factor of 1056252 and 583484?
356
Calculate the highest common divisor of 1812 and 256620876.
1812
Calculate the greatest common divisor of 1229120079 and 29.
29
What is the greatest common divisor of 801695464 and 62?
62
What is the highest common factor of 2295 and 2648745?
45
What is the greatest common factor of 5484 and 34409358?
2742
Calculate the highest common divisor of 157066759 and 2692.
673
What is the greatest common factor of 1292 and 10880068?
68
Calculate the greatest common factor of 62264 and 78133537.
7783
What is the highest common factor of 3153536 and 3470?
694
What is the highest common divisor of 29446525 and 5?
5
Calculate the highest common factor of 8845864 and 754912.
6088
Calculate the highest common divisor of 1200 and 10183700.
100
What is the greatest common factor of 1176666 and 606?
6
Calculate the greatest common divisor of 96 and 460053.
3
What is the highest common divisor of 70560882 and 98?
98
Calculate the highest common divisor of 380 and 936662.
38
What is the highest common divisor of 3256243 and 11125?
89
What is the greatest common factor of 999 and 879633?
27
Calculate the highest common factor of 12228 and 20919051.
3057
What is the greatest common divisor of 160 and 2498180?
20
What is the greatest common factor of 94549908 and 3531?
321
Calculate the highest common factor of 538999111 and 427.
427
What is the greatest common divisor of 1675296 and 163744?
224
Calculate the greatest common divisor of 420289480 and 9464.
1352
What is the greatest common factor of 350 and 7132125?
175
Calculate the greatest common factor of 2610 and 67875370.
290
Calculate the greatest common divisor of 2296 and 25540376.
328
What is the greatest common divisor of 131455 and 65?
5
Calculate the greatest common divisor of 28 and 2271656.
4
What is the highest common factor of 745250720 and 20?
20
Calculate the greatest common factor of 10224 and 10479366.
18
What is the greatest common divisor of 714 and 10310594?
14
Calculate the greatest common divisor of 2982682 and 1192.
298
Calculate the highest common factor of 31147776 and 7920.
1584
Calculate the greatest common factor of 120 and 5731240.
40
Calculate the greatest common divisor of 42 and 1454133072.
42
What is the highest common divisor of 6674420 and 940?
20
What is the greatest common divisor of 333 and 22137309?
9
What is the greatest common divisor of 44643 and 42311859?
1941
What is the greatest common factor of 8988 and 35868?
84
What is the greatest common factor of 12 and 412551822?
6
Calculate the highest common factor of 63089598 and 1251.
417
Calculate the greatest common factor of 28558212 and 18.
6
What is the greatest common divisor of 363169 and 50995?
47
Calculate the highest common divisor of 395 and 3380173.
79
What is the greatest common divisor of 1411340 and 30?
10
What is the greatest common factor of 155351479 and 71?
71
What is the greatest common factor of 4484155 and 650?
65
What is the highest common factor of 2503419 and 1066?
41
Calculate the highest common divisor of 25444936 and 88.
88
What is the greatest common divisor of 20 and 25611865?
5
Calculate the greatest common factor of 7587 and 745493.
281
What is the highest common factor of 558360 and 106392?
264
What is the highest common factor of 2366 and 78828022?
2366
Calculate the greatest common factor of 3174665 and 377.
13
What is the greatest common divisor of 202 and 7